m. Let a be m*(-1 + 0 + f). Let h(c) = -c - 5. What is h(a)?
1
Suppose 5*n - 4*u + 20 = -2, -4*n - 5*u - 34 = 0. Let r be (0/(-1))/(6/(9 + n)). Let k(l) = -l - 6. Give k(r).
-6
Let s(b) = 17*b**3 + 10*b**2 - 8*b - 8. Let o(x) = 37*x**3 + 23*x**2 - 16*x - 16. Let p(h) = 6*o(h) - 13*s(h). Give p(-7).
1
Let n(t) = -2*t - 14. Suppose 11*y - 2*y + 54 = 0. Calculate n(y).
-2
Let h(l) be the first derivative of 10 - 2*l + l**3 - 1/4*l**4 + 2*l**2. Determine h(4).
-2
Let w(x) = -x**2 - 6*x. Suppose -10 - 18 = -4*h. Suppose -3*f - 17 = -8*f - 2*z, -4*z + 19 = 5*f. Suppose -f*u = h + 2. Give w(u).
9
Let q(y) = 22 + y**2 + 25 - 2*y - 67 - y. Calculate q(6).
-2
Let p(r) = 4*r**2 - 4. Let i(h) = 11*h**2 - 11. Let y(x) = -3*i(x) + 8*p(x). Let u(s) = -4*s**2 + 6*s + 11. Let q(j) = -u(j) + 5*y(j). What is q(-4)?
2
Let c(f) = -2*f**3 + 4*f. Let p be ((-30)/25)/(60/100). Determine c(p).
8
Let q(y) = y**2 + 19*y + 10. Suppose 6*i - 9*i - 74 = -5*u, 0 = -i + 5*u - 38. Determine q(i).
-8
Let i = 2936 + -2946. Let d(z) = 2*z**2 + 19*z - 1. Give d(i).
9
Let r(k) = -2*k - 1. Suppose -3*v - 9 = 0, -4*d + 2*v - 3*v = -45. Let o = -13 + d. Calculate r(o).
1
Let s(p) = 3*p + 15. Suppose 0 = -5*r - a - 49, -8*r + 11*r + a = -29. What is s(r)?
-15
Let f(x) = x**3 - 9*x**2 + 4*x - 40. Let a be f(9). Let y(j) = -j**2 - 2*j - 6. Give y(a).
-14
Let d be (85/(-15) + 5)*(-11 + 2). Let o(q) = -5*q + 9. Give o(d).
-21
Let n(q) = q**2 + 4*q - 5. Let l be n(-4). Let i(x) = -x**2 - 9*x - 4. Let d(r) = -2*r - 2. Let a(c) = -6*d(c) + 2*i(c). Determine a(l).
-16
Let k(v) be the first derivative of v**4/4 - 2*v**3 + 5*v**2/2 + 64. Let w be (-26)/(-6) + (-6)/(-9). What is k(w)?
0
Let n(d) = -2*d - 2. Suppose 0 = -6*k + 8*k. Suppose -10 = -k*p - 2*p. Let m(g) = -g**3 + 6*g**2 - 6*g + 2. Let w be m(p). Calculate n(w).
4
Suppose -g + 10 - 39 = 5*b, -3*g + 2*b = 2. Let x = -1 + g. Let t(o) = 3*o + 7. Calculate t(x).
-8
Let g(o) = o**2 - 4. Suppose 5 = 2*f - 3. Suppose -4*z = 3*b - 13, -f*b = -3*b - 2*z - 1. Let q be 14*(-1)/(-2) - b. Give g(q).
12
Let c(y) = -16 - 2*y + 9 + 6. Let o(v) = v**3 + 1. Let w(h) = -c(h) - 2*o(h). Give w(1).
-1
Let z = 133 + -127. Let x(f) = f**2 - 9*f + 6. Determine x(z).
-12
Let d(k) = -k + 15. Let g be d(10). Let u(c) = g*c - 18 + 18. Determine u(1).
5
Let l(f) = -f**3 + 7*f**2 + f - 7. Let z = -261 + 268. What is l(z)?
0
Suppose -967*p = -975*p - 32. Let f(d) = 6*d - 3. What is f(p)?
-27
Let o(f) be the third derivative of -f**5/60 + f**4/8 + f**3 + 44*f**2. Let y = 39 + -34. Give o(y).
-4
Let c(w) = w - 15. Suppose 143 = 108*g - 95*g. Give c(g).
-4
Suppose -q = v - 20, -2*v - 13 = -2*q + 19. Let u be 2/(-7) - (-465)/35. Let s = q - u. Let r(c) = -c**2 + 6*c - 3. Give r(s).
2
Let v = 1315 + -1323. Let o(w) = -9*w - 11. Calculate o(v).
61
Let y(c) = 7*c**2 - c. Let s be 3*(4/(-2))/6. Determine y(s).
8
Let w(z) be the second derivative of z**5/10 + z**4/3 - z**3/3 + 3*z**2 - 22*z. Let a(p) = -p**3 + p - 1. Let n(t) = -3*a(t) - w(t). Determine n(5).
17
Suppose -4*i - 14 = -22. Let f(t) = -7*t**2 + 2 + i*t**2 - 2*t + 2*t**2 + t**3. Give f(2).
-6
Let z be 28/(-35)*5/(-2). Let y(j) = 6*j - 6*j + 7*j - z*j + 2. Give y(-2).
-8
Let s(q) = -2*q - 3*q**2 + 9*q**3 - 8*q**3 - 3 + 0*q**3 + q. Let d = -18 + 21. Give s(d).
-6
Let o(n) = n + 1. Let v be o(2). Let g(f) = -2*f + 3. Let c(y) = y - 2. Let a(d) = v*g(d) + 7*c(d). Calculate a(6).
1
Let d(s) = 2*s**2 - 13*s - 41. Let t be d(12). Let k(w) = -8 - 178*w + t*w + 88*w. Calculate k(8).
0
Suppose -y - 3*b + 40 = y, 0 = -y - 3*b + 20. Let q be 6/5*y/6. Let d = 8 - q. Let s(x) = -x**3 + 4*x**2 - 3*x + 6. What is s(d)?
-6
Let w(d) be the third derivative of -d**6/360 + d**5/24 + d**4/8 - d**3 + 4*d**2. Let q(i) be the first derivative of w(i). Calculate q(4).
7
Suppose 1603*u - 1613*u = -40. Let v(d) = -3*d**2 + 8*d - 13. Calculate v(u).
-29
Let k(t) = -29 + 11 + 10 - 3*t + 7. Determine k(-1).
2
Let g(c) = 17*c**3 + c**2 + 2*c + 1. Suppose -369 = -r + 10*r. Let f = r + 40. What is g(f)?
-17
Let h(f) be the first derivative of -f**4/4 + 2*f**3/3 + f**2 - 4*f - 10. Let o(z) = 3*z**3 - 5*z**2 - 5*z + 11. Let b(c) = 11*h(c) + 4*o(c). Give b(-2).
-4
Let d(m) be the second derivative of -m**3/3 - 7*m**2 - 6*m + 1. Calculate d(-10).
6
Let d(q) = -q**3 - 4*q**2 + 4*q. Let x = 0 + 18. Suppose -2*a + 4*g + 6 = -a, -g = 3*a - x. Let c be a/(-12) + (-9)/2. Calculate d(c).
5
Suppose 2*n + 3*n = -3*t - 3, -5*t - 4*n + 8 = 0. Let j(w) be the first derivative of -1/2*w**2 - 4*w - 16. What is j(t)?
-8
Let x(g) = -g - 7. Let d be (2*(-4)/24)/(1/(-15)). Suppose 0 = l - 4*v - 14, -10 - d = 3*v. Give x(l).
-1
Suppose -2*x + 10 = 4. Suppose 0 = -3*g + 6*g + 5*w - 18, x*g = 3*w + 18. Let l(h) = h**3 - 7*h**2 + 8*h - 4. What is l(g)?
8
Let n(k) = -13*k - 3*k**3 - 6*k**2 + 4 + 9*k + 2*k**3. Let c(f) = -22*f**3 - f + 1. Let a be c(1). Let h = a + 17. What is n(h)?
-1
Let u(x) be the first derivative of x**2/2 - 10*x - 96. Determine u(4).
-6
Suppose 20 = 53*t - 48*t. Let u(j) = -j + 3. Give u(t).
-1
Let g(z) = z**2 + 3*z + 4. Let v(a) = 2*a**2 + 5*a + 7. Let w(s) = 5*g(s) - 2*v(s). Let o(l) = -48*l + 2923. Let d be o(61). Give w(d).
6
Let q(y) = -y - 29. Let s be q(-8). Let x(r) = r**2 + 19*r - 46. Calculate x(s).
-4
Let s be 54/162 - (-14)/3. Let p(f) = f**2 + 2*f - 5. Let b(t) = 2*t**2 + t - 5. Let v(n) = -2*b(n) + 3*p(n). Calculate v(s).
-10
Let u(p) = p**2 - 12. Suppose -5*i + 1 = l + 6, -l - 5 = -4*i. What is u(l)?
13
Let h(z) = -12*z + 3. Let m(l) = 22*l - 282. Let r be m(13). What is h(r)?
-45
Let q(u) = -u - 3. Let k be q(-7). Suppose -6*c = -k*c - 10. Suppose 0 = -3*i - 9, 0*z + c*z = -3*i - 4. Let h(n) = -9*n**2 - 2*n + 1. Give h(z).
-10
Let m be 92/16 + 1/4. Suppose -4*f + 0*f = 4*c + 24, m = c - 5*f. Let q be c/18 + (-272)/72. Let g(n) = n**2 + 4*n + 1. What is g(q)?
1
Let l(v) be the first derivative of v**2 + 6*v + 315. Determine l(-6).
-6
Let u(l) = -4*l**2 + 2*l**2 + 6*l**2 + 1 + 6*l - 3*l. Let p(i) = 4*i**2 + 3*i. Let g(d) = 2*p(d) - 3*u(d). Let t = -30 + 28. Give g(t).
-13
Let u(c) = -18*c - 344*c**2 + 1045*c**2 - 349*c**2 - 25 - 351*c**2. What is u(20)?
15
Suppose -2*m = -5*k + 1, 0 = k - 12*m + 8*m + 7. Let x(f) = f**3 - f**2 + f. Let c(z) = -7*z**3 + 8*z**2 - 6*z - 1. Let p(s) = -c(s) - 6*x(s). What is p(k)?
0
Let m(o) = 325 + 318 - 663 + o. What is m(6)?
-14
Let j(o) = 2*o**2 + 2*o + 3. Suppose -3*q - 7 = 4*m, 0 = -4*m - 2*q - 2. Suppose m - 9 = -2*s + 3*h, 3*h + 5 = 4*s. Let u be -1 + -2 + s + 2. Calculate j(u).
7
Suppose -6*m - 20 = -10*m. Let g(v) = v**2 - 10*v + 7. What is g(m)?
-18
Let t(v) = 3*v**3 - 3*v**2 - 4*v + 7. Let z(r) = r**3 + 1. Let l(g) = t(g) - 2*z(g). Let f be -2 - (-2)/(2/(-3)). Let q = 9 + f. What is l(q)?
5
Let t(r) = r - 17. Suppose 4*b - 136 = -3*z, -4*b = -5*z - 158 + 54. Let i = b + -22. What is t(i)?
-8
Suppose 2*j + 8 = 4*b - 2, 5*b + 2*j = -10. Let g(q) = -q**2 - q + 21. Give g(b).
21
Suppose 5*u = 4*x + 76, -u + x + 15 = -0*u. Let r be 0/(-3 - u/(-4)). Let q(f) = f - 7. Give q(r).
-7
Let f(c) be the first derivative of -19*c**6/360 - c**5/120 + c**4/24 - 13*c**3/3 + 12. Let j(h) be the third derivative of f(h). Determine j(1).
-19
Let m(j) = -j**3 + 5*j**2 - 3*j - 3. Let b be m(4). Suppose 3*r - 25 + b = 0. Suppose a + a + r = 0. Let g(i) = -i + 2. What is g(a)?
6
Let q(t) = -3*t - 5*t + 34 + 3*t - 5*t - t**3 + 2*t**2. Calculate q(3).
-5
Let z(s) = -s. Suppose 2*j + 13 = -m, -3*j + 0 = -m + 12. Give z(j).
5
Suppose 6*n + 34 = -11*n. Let t(f) = -3*f**2 - 2*f. What is t(n)?
-8
Suppose 4*u = 8*u - 212. Let g = u - 53. Let o(k) = k**3 + k + 1. What is o(g)?
1
Suppose -2*d = 5*d + 14. Let x(i) be the second derivative of i**4/12 + i**3/6 + i**2 - 2*i. What is x(d)?
4
Let z(x) = x**3 + x**2 + x + 6. Suppose 4*a - 16 = -12*a. Suppose 2*h - 4*h - 2 = 0. Let g = h + a. Determine z(g).
6
Let n be 14/21*12/(-10)*5. Let y(i) = i**3 + 3*i**2 - 6*i - 4. Calculate y(n).
4
Let f(m) = 2*m. Let g(j) be the second derivative of j**3/6 + 7*j**2/2 - 20*j. Let t be g(-8). Determine f(t).
-2
Let h(b) = b**3 + 1. Let c(d) = -5*d**3 + d**2 + 2*d - 7. Let j(y) = -c(y) - 4*h(y). Suppose 131 = 55*z - 12 - 22. Determine j(z).
15
Let k(g) = -21*g**2 + 1. Suppose 0 = -2*f - 8, a + 2*f + 6 = -3. Give k(a).
-20
Let q(j) = 21*j + 10